actors of 1505434?
2, 7, 293, 367
List the prime factors of 584009.
31, 18839
What are the prime factors of 2211490?
2, 5, 37, 43, 139
What are the prime factors of 849013?
11, 79, 977
What are the prime factors of 36594?
2, 3, 19, 107
List the prime factors of 67869.
3, 7541
What are the prime factors of 3381659?
71, 47629
List the prime factors of 607104.
2, 3, 17, 31
List the prime factors of 858343.
733, 1171
List the prime factors of 396596.
2, 99149
What are the prime factors of 376949?
376949
List the prime factors of 6755658.
2, 3, 7, 13, 12373
List the prime factors of 957194.
2, 7, 68371
List the prime factors of 28596567.
3, 17, 23, 24379
List the prime factors of 7350955.
5, 89, 16519
What are the prime factors of 2275068?
2, 3, 23, 8243
List the prime factors of 9344398.
2, 7, 97, 983
What are the prime factors of 1835341?
233, 7877
List the prime factors of 654.
2, 3, 109
List the prime factors of 168483.
3, 7, 71, 113
What are the prime factors of 264203?
431, 613
What are the prime factors of 2819161?
17, 165833
What are the prime factors of 251163?
3, 11, 43, 59
List the prime factors of 3530951.
17, 229, 907
List the prime factors of 9902924.
2, 97, 25523
List the prime factors of 345661.
17, 20333
What are the prime factors of 6814275?
3, 5, 13, 29, 241
List the prime factors of 139258.
2, 7, 29
What are the prime factors of 2747680?
2, 5, 13, 1321
What are the prime factors of 6349782?
2, 3, 29, 36493
What are the prime factors of 5148271?
5148271
List the prime factors of 354633.
3, 118211
What are the prime factors of 687295?
5, 7, 73, 269
What are the prime factors of 17021780?
2, 5, 103, 8263
List the prime factors of 309520.
2, 5, 53, 73
What are the prime factors of 146900?
2, 5, 13, 113
List the prime factors of 624323.
7, 89189
List the prime factors of 504978.
2, 3, 84163
What are the prime factors of 500552?
2, 13, 4813
What are the prime factors of 1815037?
7, 383, 677
What are the prime factors of 1927516?
2, 481879
What are the prime factors of 22386103?
1031, 21713
What are the prime factors of 123279?
3, 13, 29, 109
What are the prime factors of 9869372?
2, 457, 5399
What are the prime factors of 451340?
2, 5, 22567
What are the prime factors of 17533069?
17, 1031357
List the prime factors of 431962.
2, 215981
List the prime factors of 132167.
7, 79, 239
List the prime factors of 6907650.
2, 3, 5, 46051
What are the prime factors of 2753250?
2, 3, 5, 3671
List the prime factors of 3059738.
2, 11, 139079
What are the prime factors of 175517?
167, 1051
What are the prime factors of 145704?
2, 3, 13, 467
What are the prime factors of 1084240?
2, 5, 13553
List the prime factors of 7264435.
5, 23, 181, 349
List the prime factors of 82573.
71, 1163
List the prime factors of 5382577.
167, 193
What are the prime factors of 40862424?
2, 3, 17, 100153
What are the prime factors of 19417134?
2, 3, 11, 294199
List the prime factors of 25182841.
113, 222857
List the prime factors of 998817.
3, 223, 1493
What are the prime factors of 252005?
5, 13, 3877
List the prime factors of 121247.
7, 17321
What are the prime factors of 16111573?
241, 66853
What are the prime factors of 4928900?
2, 5, 23, 2143
List the prime factors of 225893.
397, 569
What are the prime factors of 1352694?
2, 3, 7, 43, 107
What are the prime factors of 601750?
2, 5, 29, 83
What are the prime factors of 379992?
2, 3, 71, 223
List the prime factors of 546507.
3, 13, 173
List the prime factors of 1652852.
2, 193, 2141
List the prime factors of 24914182.
2, 12457091
List the prime factors of 278619.
3, 11, 8443
What are the prime factors of 227159?
227159
What are the prime factors of 2418125?
5, 53, 73
What are the prime factors of 42267?
3, 73, 193
What are the prime factors of 60649?
60649
List the prime factors of 264348.
2, 3, 7, 1049
What are the prime factors of 909361?
73, 12457
What are the prime factors of 1715420?
2, 5, 7, 12253
List the prime factors of 1551584.
2, 48487
What are the prime factors of 5539191?
3, 7, 191, 1381
List the prime factors of 322749.
3, 7, 47, 109
List the prime factors of 23888984.
2, 7, 67, 6367
List the prime factors of 982682.
2, 491341
What are the prime factors of 883091?
11, 43, 1867
What are the prime factors of 16219715?
5, 23, 141041
What are the prime factors of 637588?
2, 7, 3253
List the prime factors of 25428388.
2, 6357097
What are the prime factors of 188600?
2, 5, 23, 41
List the prime factors of 3486507.
3, 47, 79, 313
What are the prime factors of 4161609?
3, 462401
What are the prime factors of 366847?
13, 28219
List the prime factors of 798578.
2, 11, 36299
What are the prime factors of 190010?
2, 5, 19001
List the prime factors of 1339823.
19, 151, 467
List the prime factors of 8230540.
2, 5, 411527
List the prime factors of 324288.
2, 3, 563
List the prime factors of 1093303.
61, 17923
What are the prime factors of 5551792?
2, 17, 20411
List the prime factors of 8686176.
2, 3, 90481
What are the prime factors of 917351?
157, 5843
List the prime factors of 123305.
5, 7, 13, 271
List the prime factors of 7091812.
2, 7, 13, 19483
What are the prime factors of 4468393?
4468393
List the prime factors of 883392.
2, 3, 43, 107
What are the prime factors of 138359?
13, 29, 367
What are the prime factors of 3080511?
3, 7, 1811
What are the prime factors of 3798709?
31, 283, 433
List the prime factors of 1232286.
2, 3, 11, 18671
What are the prime factors of 274280?
2, 5, 6857
What are the prime factors of 804652?
2, 201163
List the prime factors of 11559577.
37, 67, 4663
What are the prime factors of 11571076?
2, 11, 19, 13841
List the prime factors of 97326.
2, 3, 5407
What are the prime factors of 513194?
2, 11, 23327
What are the prime factors of 279875?
5, 2239
List the prime factors of 5473808.
2, 29, 47, 251
What are the prime factors of 82221?
3, 27407
List the prime factors of 125795.
5, 139, 181
What are the prime factors of 3284711?
97, 33863
What are the prime factors of 32899?
167, 197
What are the prime factors of 841051?
67, 12553
List the prime factors of 2892517.
31, 93307
What are the prime factors of 372942?
2, 3, 20719
List the prime factors of 149757.
3, 49919
List the prime factors of 200931.
3, 66977
What are the prime factors of 447335?
5, 7, 12781
What are the prime factors of 7940391?
3, 2646797
What are the prime factors of 1085751?
3, 40213
What are the prime factors of 2115321?
3, 13, 73, 743
List the prime factors of 131285.
5, 7, 11, 31
List the prime factors of 1283155.
5, 353, 727
What are the prime factors of 13982895?
3, 5, 103577
What are the prime factors of 15353234?
2, 13, 271, 2179
List the prime factors of 9186261.
3, 7, 31, 103, 137
What are the prime factors of 106510?
2, 5, 10651
List the prime factors of 774698.
2, 509, 761
What are the prime factors of 8433167?
41, 71, 2897
What are the prime factors of 999194?
2, 7, 149, 479
What are the prime factors of 326791?
17, 47, 409
List the prime factors of 13954509.
3, 929, 1669
List the prime factors of 31897523.
7, 19, 239831
List the prime factors of 515964.
2, 3, 19, 31, 73
List the prime factors of 19742040.
2, 3, 5, 29, 31, 61
List the prime factors of 6182513.
41, 101, 1493
List the prime factors of 156821.
7, 43, 521
What are the prime factors of 756551?
17, 191, 233
What are the prime factors of 964391?
107, 9013
List the prime factors of 11946311.
13, 918947
What are the prime factors of 799355?
5, 159871
What are the prime factors of 608904?
2, 3, 2819
List the prime factors of 535296.
2, 3, 17, 41
What are the prime factors of 220013?
220013
List the prime factors of 167984.
2, 10499
List the prime factors of 15370218.
2, 3, 853901
What are the prime factors of 34908361?
17, 829, 2477
What are the prime factors of 2052503?
2052503
What are the prime factors of 2970842?
2, 7, 212203
What are the prime factors of 37458846?
2, 3, 2081047
List the prime factors of 11733355.
5, 19, 113, 1093
List the prime factors of 2468628.
2, 3, 47, 1459
List the prime factors of 353619.
3, 7, 1871
List the prime factors of 649160.
2, 5, 16229
What are the prime factors of 209328?
2, 3, 7, 89
List the prime factors of 7298735.
5, 167, 8741
List the prime factors of 267311.
11, 19, 1279
What are the prime factors of 25